 What is the units digit of s?
8
Suppose 4*j + 4*b = -4, -b = -5*j + 2 + 23. Suppose -3 = c - j*c. What is the units digit of c?
1
Let f(r) = 4*r - 56. What is the tens digit of f(28)?
5
Suppose 2*d - 15 = 3. Let n = d + -15. What is the tens digit of -6*(1 - (-21)/n)?
1
Let b(l) = -l**2 - l + 13. Let u(v) = v**3 - 6*v**2 - 7*v. Let w be u(7). What is the tens digit of b(w)?
1
Suppose 0 = 4*g - 0*g + 4. What is the units digit of -2 + 0/g + 6?
4
Suppose 0 = 3*y - 0*y - 12. Suppose 0 = s + 2 - y. What is the units digit of s?
2
Suppose 0 = -4*t - 0*t. Suppose -3*d + 39 - 6 = t. What is the tens digit of d?
1
Let x = 12 + -6. Let n(a) = -a**3 + 7*a**2 - 2*a + 2. Let y be n(x). Suppose -2*d - 2*o = -y, 4*d = -3*o + 9 + 38. What is the units digit of d?
8
Suppose -7 = -5*q + 2*q + 4*v, 0 = -2*q - 3*v - 18. Let z be q*1*(-8)/6. Suppose -5*f + 52 = -7*r + z*r, 4 = -r. What is the units digit of f?
8
Let c(z) = z**3 - 4*z**2 + z - 2. Let m be c(4). What is the units digit of 1 - (0/m - 2)?
3
Let h be (-5 - 0)*(-34)/5. Suppose 2*d - 9 = -3*t, 4*d - 5*t - h = 17. What is the units digit of d?
9
Suppose -45 = 2*b + 3*b. Let c = -9 - b. Let z = c + 1. What is the units digit of z?
1
Suppose 178 = 3*r - 2*x - 2*x, 282 = 5*r - 3*x. What is the units digit of r?
4
Let t = -2 - -14. What is the units digit of t?
2
Let k = 5 + 21. Let g be (-2)/13 + 264/k. What is the units digit of g + -1 - (1 - 0)?
8
Let d = 20 + 4. What is the tens digit of d?
2
Let b be ((-6)/4)/(4/16). Let p = 11 + b. Suppose p = 3*a - 1. What is the units digit of a?
2
Suppose 13 + 7 = 5*j. Let h(x) = -x**2 + 6*x - 3. What is the units digit of h(j)?
5
Let c(t) = -15 - 6*t + 3*t + 7. What is the tens digit of c(-9)?
1
Let y(n) = n**2 - 2*n + 3. Let h be y(2). Suppose k + p = 4*k - 35, 0 = 3*k + h*p - 51. Suppose -3 = q + 3*l, q - 2*l = -l + k. What is the units digit of q?
9
Let t(w) = 2*w**3 - 3*w**2 + 3*w - 2. Let m be t(2). Suppose y - m = -y. What is the units digit of y?
4
Let p(c) be the second derivative of c**4/12 + c**3/6 + 7*c**2/2 + 2*c. Suppose 0*x - 5*x = 0. What is the units digit of p(x)?
7
Let r(t) = -t**2 + 5*t + 1. Let w be r(6). Let c = -1 - w. What is the units digit of c?
4
Let m(t) = -4*t**2 - 2*t + 11. Let q(k) = -9*k**2 - 3*k + 23. Let b(a) = 7*m(a) - 3*q(a). What is the units digit of b(-6)?
2
Let m = 3 + 9. Let p = -5 + m. What is the units digit of p?
7
Let r(x) = x**2 + 6*x - 9. Let u be r(-7). Let t = -1 - u. Suppose -l + 9 - t = 0. What is the units digit of l?
8
Let l(q) = q**3 + 8*q**2 + 8*q + 5. Let w be l(-7). Let d = w + 2. Suppose -u + 0 + 7 = d. What is the units digit of u?
7
Let i = -2 + 2. Let w = i - -2. Suppose -w*l - 3 = -5*l. What is the units digit of l?
1
Suppose 12*q - 16*q + 80 = 0. What is the units digit of q?
0
Let z be (-8)/12 + (-52)/(-6). Suppose 2*k - 10 = z. Suppose 1 = -4*o + k. What is the units digit of o?
2
Suppose 2*o - 6 = 0, -24 = -5*h - 5*o + 6. Suppose 4*t = -h*j + 112, -17 - 31 = -j + 4*t. What is the tens digit of j?
4
Let s(n) = 20*n. What is the units digit of s(5)?
0
Let i(s) = -79*s + 3. What is the tens digit of i(-1)?
8
Let o(x) = -x**3 + 15*x**2 + 15*x + 11. What is the units digit of o(15)?
6
Suppose -2168 = -14*o + 6*o. What is the hundreds digit of o?
2
Let r(p) = p**3 + 7*p**2 + p + 9. Let i be r(-7). Let c = i + 2. What is the units digit of c?
4
Let z(g) = g**2 + 2. Let i be 33/(-9) + (-12)/9. What is the units digit of z(i)?
7
Let k be (-80)/(-35) - (-4)/(-14). What is the units digit of (1 - -18) + -4 + k?
7
Let t be ((-6)/(-10))/(1/5). Suppose t*k - 3 = 0, 3*n = 2*k - 2 + 3. What is the units digit of n?
1
Let w(r) be the first derivative of -r**4/4 + 2*r**3 + r**2 - 3*r + 6. What is the units digit of w(6)?
9
Suppose 5*r = -0*r + 60. What is the units digit of (-40)/r*24/(-10)?
8
Let z(x) = -x + 2. Let q be z(-5). Let k(a) be the second derivative of a**3/3 - 5*a**2 + 3*a. What is the units digit of k(q)?
4
Suppose -5*q + 3*n = 2*n - 6, -n = -4. Let v be 1/1*(-8)/q. What is the tens digit of v/(12/(-9)) + 7?
1
Let h = -397 - -557. What is the tens digit of h?
6
Let c(a) = 4 + 7*a + 9*a - 4. What is the units digit of c(1)?
6
Let s(n) = 54*n**2 + 2*n + 1. What is the units digit of s(-1)?
3
Suppose -4*m - 4*m + 304 = 0. What is the tens digit of m?
3
Suppose -328 = -4*a + 3*s, 0 = -5*a + 2*a + 4*s + 246. What is the tens digit of a?
8
Suppose -5*m - 5*t + 318 = -22, 142 = 2*m - t. What is the tens digit of m?
7
Let w(d) = -d**2 + d + 3. Let m be w(3). Let t be ((-9)/m)/(-3) + 0. Let g(z) = 3*z**2 - z - 1. What is the units digit of g(t)?
3
Let f be -1 - (-2)/(-4)*-2. Suppose 2*s = -2*t + 26, 6*s = 3*s + 3*t + 39. Suppose f = -a + 2*n + s, -n = -0 + 4. What is the units digit of a?
5
Let g(u) = u**2 - 2*u + 47. What is the units digit of g(0)?
7
What is the tens digit of 603/4 - 42/56?
5
Suppose -l = a + 9, -2*a + 3*l = l + 2. What is the units digit of (0 - -8) + (-10)/a?
0
Let p(s) = -s**2 - 12*s - 6. Let w be p(-11). Suppose 0 = -l + 17 + w. What is the units digit of l?
2
What is the tens digit of (95/20)/((-123)/(-60) + -2)?
9
Let s(a) = -a**3 - 3*a**2 - 8*a + 3. What is the units digit of s(-4)?
1
Suppose -188 = -2*q - 0*q. What is the tens digit of q?
9
Suppose -4*f + 35 = 3*i, 2*i = i - 2*f + 15. Suppose -i*c + 80 = -65. What is the units digit of c?
9
Let b be ((-1)/2)/((-4)/48). Suppose 0 = -0*t - 2*t - 2. Let n = t + b. What is the units digit of n?
5
Suppose 4*p - 331 = -2*q - 129, 0 = 2*p - 3*q - 81. What is the units digit of p?
8
What is the units digit of 48/(-80) + 286/10?
8
Let m(x) = -x + 8. Let o be m(0). Suppose f - 42 = o. What is the tens digit of f?
5
What is the tens digit of 946/55 + 4/5?
1
Let w = -55 - -88. What is the tens digit of w?
3
Let t = -6 - -5. Let l be ((-4)/10)/(t/(-5)). Let k = l - -7. What is the units digit of k?
5
Suppose -5*d + 16 = -d. Suppose -2*j = -4*b - 6, d*j = 2*b + 3*b + 15. Let g = j + -3. What is the units digit of g?
2
Suppose 3*f - 5*i + 0*i = 161, 0 = 4*f + i - 184. Suppose -d = -b + 3*d + 72, d = -b + f. What is the units digit of b?
2
Let n(i) = i**3 + 2*i**2 - 1. Let s = 7 - 6. Let o be n(s). Suppose -r + 13 = -5*w, -r = o*w + w + 3. What is the units digit of r?
3
Suppose -4*r + 11 = 3. Suppose -3*v - 3*m = -6*m - 78, 2*v - 47 = 3*m. Suppose 0 = r*f - v + 3. What is the units digit of f?
4
Let d = -4 + 6. Suppose 0 = d*a - 8 - 2. Suppose u = -2*u + 4*t - a, -5*u - t + 30 = 0. What is the units digit of u?
5
Suppose 2*t = 2, -4*t = 4*q - t - 31. Suppose q = -5*r + 32. Suppose -r*l + 72 = 4*b, 2*b + 2*b = -4*l + 60. What is the units digit of l?
2
Let a(o) = o**3 - 2*o - 4. Suppose -f + 2 = -m, f = -2*f - 4*m + 13. What is the units digit of a(f)?
7
Let y(v) = -v**2 + 5*v + 8. Let l be y(6). Suppose -l*b = -6*b. Suppose b = -4*a + 3*a + 4. What is the units digit of a?
4
Let k(q) = -5*q**3 + 9*q**2 + 7*q + 4. Let z(w) = w**3 + w - 1. Let o(r) = k(r) + 4*z(r). What is the tens digit of o(10)?
1
Let p = 3 - -1. Suppose -s + 4*z - p = -2, -5 = -4*s + 3*z. Suppose s - 3 = -x. What is the units digit of x?
1
Let c = 116 + -83. Suppose 0 = 4*b - 31 - c. What is the units digit of b?
6
Let z(d) = d**2 - 9*d + 9. Let p(k) = 10*k**2 + k. Let a be p(-1). What is the units digit of z(a)?
9
Let j(z) = z**3 + 2*z**2 - 4*z - 1. Suppose 5*a - 93 = 4*v, -10 = 2*v + 2*a + 50. Let k be 75/v - (-4)/(-18). What is the units digit of j(k)?
2
Let n be 45/10*4/(-6). What is the tens digit of (-7)/(-21) - 119/n?
4
Suppose -3*n + 0 - 6 = 0. What is the units digit of 5/2*(-12)/n?
5
Suppose 0 = -4*a - 8, 4*z = 4*a + 63 + 5. What is the units digit of z?
5
Let q(n) be the third derivative of -n**5/60 - n**4/6 + n**3/3 + n**2. What is the units digit of q(-4)?
2
Let v(o) = 3*o**3 - o**2. Let k be v(1). Suppose -k*r + 5 = -5. Suppose 3*w = 5*g - 45, -5*w + r = 3*g + 2*g. What is the units digit of g?
6
What is the tens digit of (-1482)/(-91) + 2/(-7)?
1
Suppose -56 + 12 = -2*m. Suppose 4*w + 0*w = 2*j - 54, 9 = -w - j. Let q = m + w. What is the tens digit of q?
1
Let d(f) = -3*f**3 - f. Let l(a) = a + 2. Suppose 2*q = -9 + 3. Let h be l(q). What is the units digit of d(h)?
4
Let q = 58 + 17. Let g = 42 + -22. Suppose -5*y - g = -q. What is the tens digit of y?
1
Let u b